ghest common divisor of 26 and j.
26
Let x be (-80)/16 + 325/5. What is the greatest common divisor of x and 1290?
30
Suppose -4*t + 228 = 15*d - 19*d, 0 = -5*t + 4*d + 288. Calculate the greatest common factor of t and 160.
20
Suppose -3*q + 104 = 5*s, -4*q - 136 = -9*q + s. What is the greatest common divisor of 28 and q?
28
Let o = 52 + 92. Suppose -4*v - 5*l + 150 - 53 = 0, 0 = 4*v - 4*l - 52. What is the greatest common divisor of v and o?
18
Suppose -2*y - 6 + 2 = 0, -2*y - 16 = -4*s. What is the greatest common factor of 729 and s?
3
Let l be -1 + 1 - (-8 + -232). Let r(w) = w**3 + 14*w**2 + 3*w - 34. Let z be r(-13). What is the greatest common divisor of z and l?
48
Suppose 52 = 3*q - 4*v - 62, 0 = 5*q - 2*v - 176. What is the highest common divisor of q and 17?
17
Suppose 347 - 87 = 20*b. Calculate the greatest common factor of b and 1053.
13
Let d = 29 - 24. Suppose d*r = 2*r + 102. What is the highest common factor of 170 and r?
34
Suppose 239 = -45*p + 1049. What is the highest common factor of p and 396?
18
Let q = -1213 - -1217. Let j(t) = -8*t**3 + t**2 + 2*t + 1. Let u be j(-1). What is the highest common divisor of u and q?
4
Suppose -726 = -42*o - 222. What is the highest common divisor of 162 and o?
6
Suppose 2*i - 315 = -p, -4*p + 8*p = -4*i + 636. What is the highest common divisor of 65 and i?
13
Let i = -20 - -28. Let u be (4*i)/((-16)/(-8)). Calculate the highest common factor of u and 2.
2
Let z(n) = 62*n - 6. Let x be z(2). Let o = -28 + x. What is the highest common divisor of o and 9?
9
Let l be 0*(-4)/(-12)*-3. Let w be 99 + 6/(-2) + l. Let b = 21 + 3. What is the highest common factor of b and w?
24
Suppose -2*j + 339 = o - 127, -j + 4*o + 215 = 0. Let p = 31 + -10. Calculate the highest common divisor of p and j.
21
Let m be (-4 + (6 - 2))*(-1)/(-2). Let r be 2*(1 - 6/(-4)). Suppose r*h + m*h = 3*t + 90, 4*h - 72 = -3*t. What is the highest common factor of 2 and h?
2
Suppose -7*m + 6*m = -2. Suppose -5*p = -2*t + 68, t + m*p - 4 = -3*p. Let l = -18 + t. Calculate the greatest common factor of 12 and l.
6
Suppose 0 = 2*z - 0*z - 18. Let p be (-12)/(-5) - 4/10. Let i be p/(-7) - 195/(-21). What is the highest common factor of i and z?
9
Suppose 5*h - 2*t = 426, -5*h = -4*t - 188 - 244. Calculate the highest common factor of 1148 and h.
28
Suppose 60*n = 2016 + 684. Calculate the greatest common factor of 1845 and n.
45
Suppose 13*r - 1776 = 304. Calculate the highest common factor of r and 10.
10
Let r(u) be the first derivative of -u**4/4 + 3*u**2 + 5*u - 3. Let q be r(-3). What is the greatest common factor of 35 and q?
7
Suppose 0 = -4*r + 97*r - 18135. What is the greatest common factor of r and 45?
15
Suppose 4*h = 6*h. Suppose -y + d = -55, -y - d + 33 + 16 = h. Suppose 31 = 5*c - 34. What is the greatest common factor of c and y?
13
Suppose -13 - 77 = -3*u. Let q = -17 + u. Calculate the highest common factor of q and 52.
13
Suppose -5*l + 2*z + 1221 = 0, -2*l - l - 3*z = -741. Suppose 8*f - l - 211 = 0. What is the greatest common divisor of f and 38?
19
Suppose 0 = 4*r + 16, -282 - 254 = -v + 2*r. What is the highest common divisor of 48 and v?
48
Suppose 5*p + 17 = -5*r + 3*r, -3*p - 7 = -2*r. Let j = 27 + p. Let k be 1 - (2002/(-130) - (-4)/10). Calculate the greatest common divisor of j and k.
8
Let p(u) = 2*u**2 + 13*u - 14. Let f be p(-8). Calculate the greatest common divisor of f and 2.
2
Let k(l) = -l**2 + 13*l + 5. Let b be k(8). What is the highest common divisor of b and 390?
15
Let u = 3 + 3. Suppose 2*q + 8 = 4*p, u*p = p - q - 4. Let k = p + 14. What is the greatest common factor of 70 and k?
14
Let l(c) = -c**3 + 17*c**2 - 5*c + 2. Let f be l(12). Let k be f/10 + 2/(-10). Calculate the greatest common factor of k and 99.
33
Let y be ((-6)/8)/3*-4. Let c be (-91)/13*-2*y. Calculate the greatest common factor of 112 and c.
14
Let l(m) = 8*m**2 - 12*m + 20. Let x(i) = i**3 - i**2 - i. Let d(c) = -l(c) + x(c). Let t be d(8). Calculate the greatest common divisor of t and 20.
4
Suppose 3*y - 1790 = -5*a + y, -4*a = -2*y - 1450. What is the greatest common divisor of a and 40?
40
Let o = -131 + 131. Suppose 5*y - 145 = -o*p - 2*p, -3*p + y + 175 = 0. What is the highest common factor of p and 24?
12
Suppose 5*s + 13 + 7 = 0, 300 = 5*b - 5*s. Calculate the highest common factor of b and 728.
56
Suppose 26 = 2*t + 4*n - 0*n, -25 = -3*t + n. Suppose 38*v - 41 + 3 = 0. Calculate the highest common divisor of v and t.
1
Let q be (-2)/(-1) - (-935)/17. Suppose -162 = -x - q. Calculate the greatest common divisor of 42 and x.
21
Suppose 0*g - 3*g + 10 = 4*k, 5*g = 10. Suppose 4*j + 3 = -k. Let w = j - -21. Calculate the highest common factor of 5 and w.
5
Suppose 3*z - 212 = 19. Let n(i) = -8*i + 3 - 14 - 6 + 5*i. Let k be n(-8). Calculate the highest common factor of k and z.
7
Let k be 4/((-15)/50*2/(-24)). What is the greatest common factor of k and 5?
5
Let w be (-5)/(40/(-104)*1). What is the highest common factor of w and 91?
13
Suppose -5*i + 3*i - 4 = 0. Suppose -5*w - 35 = 5*m, -3*m = -4*m - 5*w - 27. Let j be 2/(m*i/24). Calculate the greatest common factor of 18 and j.
6
Let l be (1 + (2/4)/(-1))*10. Suppose -l*o + 46 = -4*o - v, -v - 88 = -2*o. What is the highest common divisor of 28 and o?
14
Let m = -19 - -22. Let n be (-34)/(-8) + m/(-12). What is the greatest common factor of n and 20?
4
Suppose -y + 56 = y. Suppose -32 = 2*n + 96. Let b = n - -148. Calculate the highest common factor of b and y.
28
Let z(g) = 6*g. Let r(d) = -d + 21. Let k be r(13). Let b be z(k). Let u be 2 - -4 - (1 + -1). What is the highest common divisor of u and b?
6
Let x(m) = -m**3 + 7*m**2 + 10*m - 7. Let p be x(8). Suppose 117 = p*c - 423. Let s be (-11)/(3/(-3)) - -1. Calculate the highest common factor of c and s.
12
Let s(a) = -4*a + 23. Let q be s(11). Let y = 49 + q. Calculate the greatest common factor of y and 7.
7
Let w = 2 - 2. Suppose -4*s + 11*s - 2457 = w. What is the highest common factor of 39 and s?
39
Suppose -427*s + 451*s = 17712. What is the highest common divisor of 36 and s?
18
Let d = 3 - 1. Suppose -40 = -15*q + 110. Calculate the greatest common factor of q and d.
2
Suppose 5*z + 60 = 95. What is the greatest common factor of 301 and z?
7
Let z = 568 - 496. Calculate the greatest common factor of 342 and z.
18
Let k(j) = -j**2 + 14*j - 31. Let i be k(6). What is the highest common factor of 612 and i?
17
Suppose -p + 406 = 5*x, 4*p - 5*p = x - 398. Suppose 0 = -6*f + 258 + 6. Calculate the greatest common divisor of f and p.
44
Suppose 5*y + 2*r = 12, -2*y + 2*r + 12 = -y. Suppose t + 44 = 6*t + 2*l, -y*l = -t. What is the greatest common divisor of t and 1?
1
Let o = -150 + 225. What is the highest common divisor of 195 and o?
15
Let i = 474 + -442. What is the highest common divisor of 80 and i?
16
Let l be -3 - (10*2)/(-4). Suppose -i - 223 = -5*v, -l*v + 7*v - 5*i = 235. Suppose 5*m + 7 = 27. What is the highest common divisor of m and v?
4
Let t(x) = x**3 - 4*x**2 - 11*x + 79. Let c be t(9). What is the highest common divisor of 77 and c?
77
Suppose -5 = 2*z - 47. Suppose 5 = -o + 4. Let g be 120/3 - 2*o. Calculate the greatest common factor of z and g.
21
Suppose 8*h + 25 = 13*h. Suppose -2*a + 16 = 2*b, 2*b - 5 = -h*a + 29. Suppose 3*j + 102 = a*j. What is the greatest common divisor of j and 374?
34
Let o = -429 + 569. What is the greatest common divisor of o and 112?
28
Let k(m) = 37*m + 325. Let r be k(-7). Calculate the highest common divisor of r and 363.
33
Let b be ((-8)/(-6))/(4/132). Let w = -31 - -35. Calculate the greatest common factor of b and w.
4
Suppose 76 = 3*a - s, 2*a = -0*a - 4*s + 46. What is the greatest common factor of a and 2?
1
Suppose 0 = 3*c + 4*p - 260, 4*p - 349 = -4*c + p. Calculate the greatest common divisor of 66 and c.
22
Let v = 233 + -217. What is the highest common factor of 16 and v?
16
Let k be 714/28 - 6/4. What is the greatest common factor of k and 84?
12
Suppose v - 159 = -3*z + 6*v, -119 = -2*z - v. Let b(j) = j**2 - 4*j - 9. Let u be b(12). What is the greatest common divisor of z and u?
29
Let j be (-275)/(-44)*(-12)/(-5). Calculate the highest common factor of 240 and j.
15
Suppose 97*t + 712 = 3*o + 99*t, -458 = -2*o + 2*t. 